
{"id":559,"date":"2020-09-22T17:05:43","date_gmt":"2020-09-22T15:05:43","guid":{"rendered":"http:\/\/autolineelumia.com\/?page_id=559"},"modified":"2020-09-22T17:05:44","modified_gmt":"2020-09-22T15:05:44","slug":"reisevorschriften","status":"publish","type":"page","link":"https:\/\/autolineelumia.com\/index.php\/de\/reisevorschriften\/","title":{"rendered":"Reisevorschriften"},"content":{"rendered":"\n<p>DIE REISEVORSCHRIFTEN<\/p>\n\n\n\n<p>\u00bbArt. 1 &#8211; Zweck der Verordnung.<br>\u00bbArt. 2 &#8211; Das Reiseticket.<br>\u00bbArt. 3 &#8211; Preise.<br>\u00bbArt. 4 &#8211; Fahrpl\u00e4ne.<br>\u00bbArt. 5 &#8211; Gep\u00e4ck.<br>\u00bbArt. 6 &#8211; Tiertransport.<br>\u00bbArt. 7 &#8211; Stornierung, Versp\u00e4tung, Unterbrechung der Reise. R\u00fcckerstattungen.<br>\u00bbArt. 8 &#8211; Verhaltensregeln und Passagierverantwortung.<br>\u00bbArt. 9 &#8211; Transportrecht und besondere Bedingungen.<br>\u00bbArt. 10 &#8211; Gerichtsstand. Abschlussstandard.<\/p>\n\n\n\n<p>ART. 1 &#8211; Gegenstand der Verordnung<\/p>\n\n\n\n<ol class=\"wp-block-list\"><li>Der Linienverkehr der regionalen Buslinien, die von SALVATORE LUMIA Srl mit Sitz in Agrigento, Via Pindaro 3 \/ C, auf dem Gebiet der Region Sizilien betrieben werden, unterliegt den Bestimmungen dieser Reisevorschrift, auf die sich der Begriff &#8220;Reisevorschrift&#8221; bezieht an der Kasse &#8220;auf dem Reiseticket angebracht. Diese Verordnung wird auf der Website www.autolineelumia.com ver\u00f6ffentlicht<\/li><li>Mit dem Kauf des Reisetickets erkl\u00e4rt der Passagier implizit, die Regeln dieser Verordnung zu kennen, zu akzeptieren und zu beachten.<\/li><\/ol>\n\n\n\n<p>KUNST. 2 &#8211; Das Reiseticket<\/p>\n\n\n\n<ol class=\"wp-block-list\"><li>Das Reiseticket muss vor Beginn des Dienstes bei autorisierten Wiederverk\u00e4ufern gekauft werden. In Ausnahmef\u00e4llen ist es gestattet, das Ticket an Bord des Busses direkt beim Personal des Reiseunternehmens mit gez\u00e4hltem Geld zu kaufen.<\/li><li>Das Reiseticket ist pers\u00f6nlich und dokumentiert den Abschluss des Transportvertrags ausschlie\u00dflich zwischen dem Unternehmen, das die Dienstleistung (im Folgenden auch als &#8220;Bef\u00f6rderer&#8221; bezeichnet) sicherstellt, und dem K\u00e4ufer des Tickets f\u00fcr die darin angegebene Strecke. Die Verpflichtung des Bef\u00f6rderers wird auf den Zeitpunkt verschoben, zu dem der Dienst beginnen soll. Der Spediteur ist daher nicht verantwortlich f\u00fcr Diebstahl, Raub, K\u00f6rperverletzung oder f\u00fcr den Benutzer sch\u00e4dliche Ereignisse, die im Rahmen des Ticketverkaufs auftreten.<\/li><li>Das Ticket ist pers\u00f6nlich, weder abtretbar noch \u00fcbertragbar.<\/li><li>Mit &#8220;Bein&#8221; ist die Beziehung gemeint, auf die sich das Ticket bezieht: Es wird durch die Angabe des Abfahrtsortes und des Ziels identifiziert. Der Reisende muss zum Zeitpunkt des Kaufs des Tickets (Ticket oder Dauerkarte) unverz\u00fcglich die Richtigkeit der darin enthaltenen Daten \u00fcberpr\u00fcfen und sicherstellen, dass der gezahlte Preis dem auf dem Ticket angegebenen Preis entspricht.<\/li><li>Der Passagier ist verpflichtet, das Ticket f\u00fcr die gesamte Dauer der Reise aufzubewahren und auf Anfrage der Besatzung des Bef\u00f6rderers vorzuzeigen. Fahrg\u00e4ste, die ohne Reiseticket an Bord des Busses sind, m\u00fcssen ihre Position regulieren, indem sie den normalen Fahrpreis f\u00fcr die gesamte Linie zuz\u00fcglich einer Strafe in H\u00f6he von 100% des Fahrpreises zahlen.<\/li><li>Tickets d\u00fcrfen nur von den f\u00fcr die \u00dcberpr\u00fcfung zust\u00e4ndigen Mitarbeitern des Unternehmens abgestempelt werden.<\/li><li>Das Einzel- oder R\u00fcckflugticket ist nur f\u00fcr den Tag der Ausstellung g\u00fcltig. Wenn das R\u00fcckflugticket f\u00fcr Strecken in mehrere Provinzen ausgestellt wird, ist es zwei Tage einschlie\u00dflich des Ausstellungstages g\u00fcltig.<\/li><li>Die Reisetickets, die das Recht auf eine Mehrfachanzahl von Reisen (Dauerkarten) gew\u00e4hren, enthalten das Ablaufdatum und zus\u00e4tzliche Nutzungsbedingungen. Reisen, die nicht innerhalb der Frist genutzt werden, werden nicht erstattet.<\/li><li>Bei Verlust, Verschlechterung, Zerst\u00f6rung oder Diebstahl des Reisedokuments ist keine Erstattung f\u00e4llig. Es ist nicht m\u00f6glich, Duplikate auszustellen.<\/li><\/ol>\n\n\n\n<p>KUNST. 3. &#8211; Preise<\/p>\n\n\n\n<ol class=\"wp-block-list\"><li>Salvatore Lumia s.r.l. wendet die von der sizilianischen Region genehmigten Tarife an. Es gilt der am Tag der Ausstellung geltende Satz.<\/li><li>Kinder jeden Alters d\u00fcrfen nicht mitgef\u00fchrt werden. In jedem Fall ist es aus Gr\u00fcnden der Reisesicherheit und der Sicherheit des Kindes obligatorisch, ein Ticket zu kaufen und einen Sitzplatz einzunehmen. Bei Nichteinhaltung der gesetzlichen Anforderungen an Kinderr\u00fcckhaltesysteme haftet der Bef\u00f6rderer nicht f\u00fcr Sch\u00e4den, die dem Kind und \/ oder denjenigen, die es missbr\u00e4uchlich mitnehmen, in den Armen, auch wenn der Schaden direkt mit einem Ereignis in Zusammenhang steht. auf die Haftung des Bef\u00f6rderers zur\u00fcckzuf\u00fchren.<\/li><\/ol>\n\n\n\n<p>KUNST. 4. &#8211; Fahrpl\u00e4ne<\/p>\n\n\n\n<ol class=\"wp-block-list\"><li>Alle Angaben in den gedruckten Fahrpl\u00e4nen sind freibleibend und k\u00f6nnen sich \u00e4ndern. Alle Informationen m\u00fcssen daher zum Zeitpunkt des Ticketkaufs best\u00e4tigt werden.<\/li><\/ol>\n\n\n\n<p>KUNST. 5. &#8211; Gep\u00e4ck<\/p>\n\n\n\n<ol class=\"wp-block-list\"><li>Die Kosten f\u00fcr das Reiseticket enthalten keine Gegenleistung f\u00fcr den Transport des Gep\u00e4cks des Passagiers. Der Transport wird vom Bef\u00f6rderer nur aus H\u00f6flichkeitsgr\u00fcnden durchgef\u00fchrt, um die Zufriedenheit der Benutzer kostenlos und auf Risiko des Passagiers zu verbessern spezielles UNBEABSICHTIGTES Gep\u00e4ck, begrenzt auf zwei Koffer oder Packungen, die jeweils die Abmessungen von 160 cm und das Gewicht von 20 kg nicht \u00fcberschreiten. Das Begleitgep\u00e4ck muss vom Fahrgast selbst und unter seiner pers\u00f6nlichen Verantwortung im unbeaufsichtigten Gep\u00e4ckraum des Busses deponiert werden.<\/li><li>Wir bef\u00f6rdern keine Pakete, Pakete und Pakete im Auftrag Dritter oder stellen auf keinen Fall Begleitgep\u00e4ck dar.<\/li><li>Der Bef\u00f6rderer kann Antr\u00e4ge auf Bef\u00f6rderung von Begleitgep\u00e4ck ablehnen, die nicht mit den \u00fcblichen Mitteln des Unternehmens vereinbar sind und \/ oder die Sicherheit von Reisenden und Reisenden sowie die Unversehrtheit des Gep\u00e4cks anderer Passagiere gef\u00e4hrden k\u00f6nnten.<\/li><li>Jeder Passagier hat das Recht, ein kleines Handgep\u00e4ck mit maximalen Abmessungen (40 x 20 x 25 cm) in die Buskabine mitzunehmen, um es in den speziellen Abteilen oder unter dem Sitz abzulegen, damit es nicht herunterf\u00e4llt.<\/li><li>Es ist nicht gestattet, sperriges Gep\u00e4ck, Waffen, Munition, brennbares oder anderweitig gef\u00e4hrliches und \/ oder sch\u00e4dliches Material und Fl\u00fcssigkeiten im Allgemeinen an Bord des Busses mitzunehmen. Schmuggelware oder illegale Waren sind an Bord des Busses nicht gestattet. Die gleichen Verbote gelten f\u00fcr Gep\u00e4ck, das im Gep\u00e4ckraum aufbewahrt wird, wo auch der Transport von Gegenst\u00e4nden mit hohem Wert verboten ist.<\/li><li>Passagiere, die gegen die im vorherigen Absatz genannten Verbote versto\u00dfen, sind gegen\u00fcber Dritten und den zust\u00e4ndigen Beh\u00f6rden pers\u00f6nlich und direkt verantwortlich. Das Unternehmen, dem der Bus geh\u00f6rt, beh\u00e4lt sich jedoch das Recht vor, sich f\u00fcr Sch\u00e4den jeglicher Art zu r\u00e4chen, die durch das rechtswidrige oder anderweitig inkorrekte Verhalten des Fahrgastes entstehen k\u00f6nnen.<\/li><li>Der Bef\u00f6rderer haftet in keiner Weise f\u00fcr den Verlust von Gep\u00e4ck, das vom Fahrgast in der Buskabine (sogenanntes Handgep\u00e4ck) oder im Gep\u00e4ckraum bef\u00f6rdert wird. Das Gep\u00e4ck ist unbeaufsichtigt: Der Bef\u00f6rderer haftet nicht f\u00fcr Sch\u00e4den am Gep\u00e4ck, die durch das Verschulden des Passagiers oder die besondere Art des Gep\u00e4cks oder seiner Verpackung verursacht wurden. Der Bef\u00f6rderer \u00fcbernimmt keine Verpflichtung zur Aufbewahrung und \u00dcberwachung des Gep\u00e4cks, das ausschlie\u00dflich beim Passagier liegt.<\/li><li>Der Bef\u00f6rderer ist nach den Bestimmungen des geltenden Gesetzes nur dann f\u00fcr den Verlust des Gep\u00e4cks verantwortlich, wenn er direkt darauf zur\u00fcckzuf\u00fchren ist und in jedem Fall innerhalb der vorgeschriebenen H\u00f6chstgrenze von 103,30 Euro pro Gep\u00e4ckst\u00fcck mit einer H\u00f6chstgrenze von 206,60 Euro pro Passagier .<\/li><li>Beschwerden \u00fcber den Verlust oder die Besch\u00e4digung von Gep\u00e4ck m\u00fcssen in jedem Fall vom Passagier sofort nach Ankunft beim Bordpersonal eingereicht und anschlie\u00dfend schriftlich best\u00e4tigt werden, zusammen mit einem regelm\u00e4\u00dfigen Bericht an die Beh\u00f6rde innerhalb von 10 Tagen nach Ende der Reise an Gesch\u00e4ftsf\u00fchrung von Salvatore Lumia srl (in der Via Pindaro Nr. 3 92100 Agrigento oder \u00fcber PEC an salvatorelumiasrl@legalmail.it), mit darin enthaltenen Erkl\u00e4rungen, die unter eigener Verantwortung vereidigt wurden.<\/li><\/ol>\n\n\n\n<p>KUNST. 6 &#8211; Transport von Tieren<\/p>\n\n\n\n<ol class=\"wp-block-list\"><li>Es ist gestattet, Tiere gegen Zahlung eines zus\u00e4tzlichen Tickets mitzubringen, sofern diese klein und in speziellen Beh\u00e4ltern sind, die w\u00e4hrend der gesamten Dauer der Reise auf dem Boden und nicht auf dem Sitz platziert werden. Der Transport von Tieren kann nach alleinigem Ermessen des Fahrers f\u00fcr dienstbezogene Bed\u00fcrfnisse (\u00dcberf\u00fcllung, St\u00f6rung anderer Passagiere oder Sicherheitsfragen) eingeschr\u00e4nkt oder verweigert werden. Es ist ratsam, den Transport von Tieren zu buchen, indem Sie sich an das Unternehmen wenden, um Informationen zu den Zeiten und den weniger \u00fcberf\u00fcllten Fahrten zu erhalten.<\/li><li>Die Fahrg\u00e4ste sind verpflichtet, das Tier im Schlepptau w\u00e4hrend der gesamten Reise zu \u00fcberwachen, und sind allein verantwortlich f\u00fcr Sch\u00e4den an Personen und Gegenst\u00e4nden, die durch das transportierte Tier am Bus, Eigentum oder anderen Fahrg\u00e4sten verursacht wurden. Der Fahrer kann jeden, der ein st\u00f6rendes Tier mitbringt, bitten, den Bus ohne Anspruch auf R\u00fcckerstattung zu verlassen.<\/li><li>Blindenhunde, die blinde Passagiere begleiten, sind von den oben genannten Beschr\u00e4nkungen ausgenommen und an Bord kostenlos zugelassen. Blindenhunde sind auf einen pro Auto begrenzt.<\/li><\/ol>\n\n\n\n<p>KUNST. 7 &#8211; Stornierung, Versp\u00e4tung, Unterbrechung der Reise. R\u00fcckerstattungen<\/p>\n\n\n\n<ol class=\"wp-block-list\"><li>Der Bef\u00f6rderer \u00fcbernimmt keine Verantwortung f\u00fcr Versp\u00e4tungen oder Annullierungen von Reisen aufgrund von Streiks oder widrigen Wetterbedingungen oder aus anderen Gr\u00fcnden, die nicht dem Bef\u00f6rderer selbst zuzuschreiben sind.<\/li><li>Wird der Dienst durch h\u00f6here Gewalt oder auf Anordnung der Beh\u00f6rde unterbrochen, hat der Passagier das Recht, ausschlie\u00dflich zum Abflugort zur\u00fcckgebracht zu werden und keine R\u00fcckerstattung des Tickets.<\/li><li>Wird der Dienst aufgrund einer dem Bef\u00f6rderer zuzuschreibenden Tatsache unterbrochen, so hat der Passagier nur Anspruch darauf, zum Abflugort zur\u00fcckgebracht zu werden und das Ticket zur\u00fcckerstatten zu lassen. Wenn der Bef\u00f6rderer dem Passagier jedoch versichert, dass die Reise fortgesetzt wird, hat der Passagier unabh\u00e4ngig von der Versp\u00e4tung keinen Anspruch auf R\u00fcckerstattung. Im Falle eines Unfalls mit Unterbrechung des Dienstes wird der Bef\u00f6rderer das Fahrzeug nach M\u00f6glichkeit benutzen \/ ersetzen, um die Fortsetzung der Reise oder die R\u00fcckkehr zum Abfahrtsort sicherzustellen.<\/li><li>Unterbricht der Passagier die Reise durch seinen Willen oder in jedem Fall durch sein eigenes Handeln, hat er keinen Anspruch auf R\u00fcckerstattung oder Leistung.<\/li><li>In den oben genannten F\u00e4llen haftet letzteres aus irgendeinem Grund, auch wenn es dem Unternehmen zuzurechnen ist, das den Service sicherstellt, in keinem Fall f\u00fcr Sch\u00e4den, die den Passagieren entstehen k\u00f6nnten.<\/li><li>Der Bef\u00f6rderer ist nicht verantwortlich f\u00fcr die Nichtverbindung mit Transportdiensten, die von denselben oder anderen Transportunternehmen zu Lande, zu Wasser, in der Luft oder auf der Eisenbahn sichergestellt werden, aus welchem \u200b\u200bGrund auch immer die Verz\u00f6gerung in Bezug auf die erwartete Ankunftszeit abh\u00e4ngt.<\/li><\/ol>\n\n\n\n<p>KUNST. 8 &#8211; Verhaltensregeln und Passagierverantwortung<\/p>\n\n\n\n<ol class=\"wp-block-list\"><li>Der Passagier ist verpflichtet, mit dem Bef\u00f6rderer zusammenzuarbeiten, um die Sicherheit der Reise und die Verbesserung der Dienstqualit\u00e4t unter Beachtung der geltenden Bestimmungen f\u00fcr den Zugang zu Fahrzeugen zu gew\u00e4hrleisten. Benutzer, die die vom Bef\u00f6rderer bereitgestellten Dienste nutzen, sind verpflichtet, sich f\u00fcr sich und f\u00fcr andere auf der Grundlage der Regeln guter Manieren gem\u00e4\u00df den nachstehend aufgef\u00fchrten allgemeinen Verhaltensregeln zu verhalten. Der Passagier ist insbesondere verpflichtet:<br>a) mindestens 5 Minuten vor der geplanten Zeit am Startpunkt ankommen;<br>b) die Vorschriften f\u00fcr Polizei und Gesundheitsreisen einhalten.<br>c) w\u00e4hrend des Transports:<br>c1.) Beachten Sie die Vorschriften, Warnungen und Einladungen des Bordpersonals, einschlie\u00dflich derer, die die Durchf\u00fchrung des Transports behindern oder einschr\u00e4nken k\u00f6nnen. Insbesondere m\u00fcssen die Fahrg\u00e4ste die Verpflichtung zur Verwendung von Sicherheitsgurten einhalten, sofern vorhanden.<br>c2.) nicht mit dem Fahrer sprechen, zierliches Verhalten beobachten, andere Reisende nicht st\u00f6ren; Bel\u00e4stigen Sie kein Verhalten, singen, spielen, schreien oder obsz\u00f6ne oder unangemessene Sprache.<br>c3.) nicht aus den Fenstern lehnen;<br>c4.) sitzen bleiben, wenn der Bus f\u00e4hrt.<br>c5.) Betteln unter Reisenden oder Ausf\u00fchren von Werbung und kommerziellen Aktivit\u00e4ten, auch f\u00fcr wohlt\u00e4tige Zwecke;<\/li><li>Der Passagier darf nicht reisen und kann w\u00e4hrend der Fahrt ohne Anspruch auf R\u00fcckerstattung des Tickets entfernt werden, falls dies eine Gefahr f\u00fcr die Sicherheit des Transportdienstes gem\u00e4\u00df der Stra\u00dfenverkehrsordnung darstellt.<\/li><li>Der Passagier muss die erforderlichen Vorkehrungen treffen und die Sicherheit seiner selbst sowie der Personen, Tiere und \/ oder Gegenst\u00e4nde in seiner Obhut \u00fcberwachen.<\/li><li>Es ist verboten, im Bus zu rauchen. Zuwiderhandlungen werden nach dem Gesetz verfolgt.<\/li><li>Das Personal des Reiseunternehmens l\u00e4sst keine Passagiere an Bord zu, die eindeutig betrunken sind oder die Regelm\u00e4\u00dfigkeit des Dienstes st\u00f6ren, und greift erforderlichenfalls auf die Intervention der Polizei zur\u00fcck.<\/li><li>Das Personal des reisenden Unternehmens ist befugt, Fahrg\u00e4ste, die sich falsch verhalten oder auf andere Weise bel\u00e4stigt haben, aus dem Bus aussteigen zu lassen (falls dies unter Intervention der Polizei erforderlich ist), ohne in der Lage zu sein, eine Erstattung f\u00fcr die zu verlangen Pfad, der noch ausgef\u00fchrt werden muss, vorbehaltlich etwaiger R\u00fcckgriffsma\u00dfnahmen f\u00fcr Sch\u00e4den, die am Fahrzeug oder an der Dienstleistung verursacht wurden.<\/li><li>Der Bef\u00f6rderer haftet nicht f\u00fcr Sch\u00e4den, die ihm selbst oder anderen Passagieren durch ein Verhalten des Benutzers entstehen, das illegal ist oder in jedem Fall nicht den Regeln der normalen Sorgfalt entspricht.<\/li><\/ol>\n\n\n\n<p>KUNST. 9 &#8211; Transportrecht und besondere Bedingungen<\/p>\n\n\n\n<ol class=\"wp-block-list\"><li>Der Transport von Menschen mit Behinderungen oder eingeschr\u00e4nkter Mobilit\u00e4t ist immer gestattet, au\u00dfer in den folgenden F\u00e4llen:<br>a) die durch die Gesetzgebung oder die zust\u00e4ndigen Beh\u00f6rden festgelegten Sicherheitsverpflichtungen einzuhalten;<br>b) wenn die Konfiguration des Fahrzeugs es physisch unm\u00f6glich macht, die behinderte Person oder Person mit eingeschr\u00e4nkter Mobilit\u00e4t unter praktikablen Sicherheitsbedingungen ein-, auszusteigen oder zu transportieren. F\u00fcr den Fall, dass der Bef\u00f6rderer solche Transporthindernisse feststellen muss, teilt er dies dem Antragsteller mit und informiert ihn innerhalb von f\u00fcnf Arbeitstagen schriftlich.<\/li><li>Bei Verlust oder Besch\u00e4digung von Mobilit\u00e4tshilfen oder Hilfsmitteln hat der Bef\u00f6rderer den Fahrgast im gesetzlich vorgeschriebenen Umfang zu entsch\u00e4digen. Falls erforderlich, bem\u00fcht sich der Spediteur, schnell vor\u00fcbergehende Ersatzger\u00e4te oder -ger\u00e4te bereitzustellen, die nach M\u00f6glichkeit \u00e4hnliche technische und funktionale Eigenschaften aufweisen wie die verlorenen oder besch\u00e4digten.<\/li><\/ol>\n\n\n\n<p>KUNST. 10 &#8211; Gerichtsstand. Abschlussstandard.<\/p>\n\n\n\n<ol class=\"wp-block-list\"><li>F\u00fcr alle Streitigkeiten ist das Landgericht Agrigento zust\u00e4ndig.<\/li><li>F\u00fcr alle Angelegenheiten, die in diesen Verordnungen nicht ausdr\u00fccklich vorgesehen sind, gelten die geltenden Vorschriften des B\u00fcrgerlichen Gesetzbuchs sowie die Branchenvorschriften.<\/li><li>Das Unternehmen hat das Recht, diese Vorschriften jederzeit zu \u00e4ndern und zu integrieren. Die aktualisierte und aktuelle Regelung steht den Nutzern in jedem Fall immer an den Ticketverkaufsstellen zur Verf\u00fcgung und wird auf der Website www.autolineelumia.com ver\u00f6ffentlicht<\/li><\/ol>\n","protected":false},"excerpt":{"rendered":"<div class=\"slide-text-bg2\"><span>DIE REISEVORSCHRIFTEN \u00bbArt. 1 &#8211; Zweck der Verordnung.\u00bbArt. 2 &#8211; Das Reiseticket.\u00bbArt. 3 &#8211; Preise.\u00bbArt. 4 &#8211; Fahrpl\u00e4ne.\u00bbArt. 5 &#038;<\/span><\/div>\n<div class=\"slide-btn-area-sm\"><a href=\"https:\/\/autolineelumia.com\/index.php\/de\/reisevorschriften\/\" class=\"slide-btn-sm\">Leggi tutto<\/a><\/div>\n","protected":false},"author":1,"featured_media":0,"parent":0,"menu_order":0,"comment_status":"closed","ping_status":"closed","template":"","meta":{"footnotes":""},"class_list":["post-559","page","type-page","status-publish","hentry"],"yoast_head":"<!-- This site is optimized with the Yoast SEO plugin v26.9 - https:\/\/yoast.com\/product\/yoast-seo-wordpress\/ -->\n<title>Reisevorschriften &#8212; Autolinee Salvatore Lumia<\/title>\n<meta name=\"robots\" content=\"index, follow, max-snippet:-1, max-image-preview:large, max-video-preview:-1\" \/>\n<link rel=\"canonical\" href=\"https:\/\/autolineelumia.com\/index.php\/de\/reisevorschriften\/\" \/>\n<meta property=\"og:locale\" content=\"it_IT\" \/>\n<meta property=\"og:type\" content=\"article\" \/>\n<meta property=\"og:title\" content=\"Reisevorschriften &#8212; Autolinee Salvatore Lumia\" \/>\n<meta property=\"og:description\" content=\"DIE REISEVORSCHRIFTEN \u00bbArt. 1 &#8211; Zweck der Verordnung.\u00bbArt. 2 &#8211; Das Reiseticket.\u00bbArt. 3 &#8211; Preise.\u00bbArt. 4 &#8211; Fahrpl\u00e4ne.\u00bbArt. 5 &amp;Leggi tutto\" \/>\n<meta property=\"og:url\" content=\"https:\/\/autolineelumia.com\/index.php\/de\/reisevorschriften\/\" \/>\n<meta property=\"og:site_name\" content=\"Autolinee Salvatore Lumia\" \/>\n<meta property=\"article:modified_time\" content=\"2020-09-22T15:05:44+00:00\" \/>\n<meta name=\"twitter:card\" content=\"summary_large_image\" \/>\n<meta name=\"twitter:label1\" content=\"Tempo di lettura stimato\" \/>\n\t<meta name=\"twitter:data1\" content=\"11 minuti\" \/>\n<script type=\"application\/ld+json\" class=\"yoast-schema-graph\">{\"@context\":\"https:\/\/schema.org\",\"@graph\":[{\"@type\":\"WebPage\",\"@id\":\"https:\/\/autolineelumia.com\/index.php\/de\/reisevorschriften\/\",\"url\":\"https:\/\/autolineelumia.com\/index.php\/de\/reisevorschriften\/\",\"name\":\"Reisevorschriften &#8212; Autolinee Salvatore Lumia\",\"isPartOf\":{\"@id\":\"https:\/\/autolineelumia.com\/#website\"},\"datePublished\":\"2020-09-22T15:05:43+00:00\",\"dateModified\":\"2020-09-22T15:05:44+00:00\",\"breadcrumb\":{\"@id\":\"https:\/\/autolineelumia.com\/index.php\/de\/reisevorschriften\/#breadcrumb\"},\"inLanguage\":\"it-IT\",\"potentialAction\":[{\"@type\":\"ReadAction\",\"target\":[\"https:\/\/autolineelumia.com\/index.php\/de\/reisevorschriften\/\"]}]},{\"@type\":\"BreadcrumbList\",\"@id\":\"https:\/\/autolineelumia.com\/index.php\/de\/reisevorschriften\/#breadcrumb\",\"itemListElement\":[{\"@type\":\"ListItem\",\"position\":1,\"name\":\"Home\",\"item\":\"https:\/\/autolineelumia.com\/\"},{\"@type\":\"ListItem\",\"position\":2,\"name\":\"Reisevorschriften\"}]},{\"@type\":\"WebSite\",\"@id\":\"https:\/\/autolineelumia.com\/#website\",\"url\":\"https:\/\/autolineelumia.com\/\",\"name\":\"Autolinee Salvatore Lumia\",\"description\":\"\",\"publisher\":{\"@id\":\"https:\/\/autolineelumia.com\/#organization\"},\"potentialAction\":[{\"@type\":\"SearchAction\",\"target\":{\"@type\":\"EntryPoint\",\"urlTemplate\":\"https:\/\/autolineelumia.com\/?s={search_term_string}\"},\"query-input\":{\"@type\":\"PropertyValueSpecification\",\"valueRequired\":true,\"valueName\":\"search_term_string\"}}],\"inLanguage\":\"it-IT\"},{\"@type\":\"Organization\",\"@id\":\"https:\/\/autolineelumia.com\/#organization\",\"name\":\"Salvatore Lumia Autolinee\",\"url\":\"https:\/\/autolineelumia.com\/\",\"logo\":{\"@type\":\"ImageObject\",\"inLanguage\":\"it-IT\",\"@id\":\"https:\/\/autolineelumia.com\/#\/schema\/logo\/image\/\",\"url\":\"https:\/\/autolineelumia.com\/wp-content\/uploads\/2018\/06\/r2_c4.gif\",\"contentUrl\":\"https:\/\/autolineelumia.com\/wp-content\/uploads\/2018\/06\/r2_c4.gif\",\"width\":193,\"height\":70,\"caption\":\"Salvatore Lumia Autolinee\"},\"image\":{\"@id\":\"https:\/\/autolineelumia.com\/#\/schema\/logo\/image\/\"}}]}<\/script>\n<!-- \/ Yoast SEO plugin. -->","yoast_head_json":{"title":"Reisevorschriften &#8212; Autolinee Salvatore Lumia","robots":{"index":"index","follow":"follow","max-snippet":"max-snippet:-1","max-image-preview":"max-image-preview:large","max-video-preview":"max-video-preview:-1"},"canonical":"https:\/\/autolineelumia.com\/index.php\/de\/reisevorschriften\/","og_locale":"it_IT","og_type":"article","og_title":"Reisevorschriften &#8212; Autolinee Salvatore Lumia","og_description":"DIE REISEVORSCHRIFTEN \u00bbArt. 1 &#8211; Zweck der Verordnung.\u00bbArt. 2 &#8211; Das Reiseticket.\u00bbArt. 3 &#8211; Preise.\u00bbArt. 4 &#8211; Fahrpl\u00e4ne.\u00bbArt. 5 &Leggi tutto","og_url":"https:\/\/autolineelumia.com\/index.php\/de\/reisevorschriften\/","og_site_name":"Autolinee Salvatore Lumia","article_modified_time":"2020-09-22T15:05:44+00:00","twitter_card":"summary_large_image","twitter_misc":{"Tempo di lettura stimato":"11 minuti"},"schema":{"@context":"https:\/\/schema.org","@graph":[{"@type":"WebPage","@id":"https:\/\/autolineelumia.com\/index.php\/de\/reisevorschriften\/","url":"https:\/\/autolineelumia.com\/index.php\/de\/reisevorschriften\/","name":"Reisevorschriften &#8212; Autolinee Salvatore Lumia","isPartOf":{"@id":"https:\/\/autolineelumia.com\/#website"},"datePublished":"2020-09-22T15:05:43+00:00","dateModified":"2020-09-22T15:05:44+00:00","breadcrumb":{"@id":"https:\/\/autolineelumia.com\/index.php\/de\/reisevorschriften\/#breadcrumb"},"inLanguage":"it-IT","potentialAction":[{"@type":"ReadAction","target":["https:\/\/autolineelumia.com\/index.php\/de\/reisevorschriften\/"]}]},{"@type":"BreadcrumbList","@id":"https:\/\/autolineelumia.com\/index.php\/de\/reisevorschriften\/#breadcrumb","itemListElement":[{"@type":"ListItem","position":1,"name":"Home","item":"https:\/\/autolineelumia.com\/"},{"@type":"ListItem","position":2,"name":"Reisevorschriften"}]},{"@type":"WebSite","@id":"https:\/\/autolineelumia.com\/#website","url":"https:\/\/autolineelumia.com\/","name":"Autolinee Salvatore Lumia","description":"","publisher":{"@id":"https:\/\/autolineelumia.com\/#organization"},"potentialAction":[{"@type":"SearchAction","target":{"@type":"EntryPoint","urlTemplate":"https:\/\/autolineelumia.com\/?s={search_term_string}"},"query-input":{"@type":"PropertyValueSpecification","valueRequired":true,"valueName":"search_term_string"}}],"inLanguage":"it-IT"},{"@type":"Organization","@id":"https:\/\/autolineelumia.com\/#organization","name":"Salvatore Lumia Autolinee","url":"https:\/\/autolineelumia.com\/","logo":{"@type":"ImageObject","inLanguage":"it-IT","@id":"https:\/\/autolineelumia.com\/#\/schema\/logo\/image\/","url":"https:\/\/autolineelumia.com\/wp-content\/uploads\/2018\/06\/r2_c4.gif","contentUrl":"https:\/\/autolineelumia.com\/wp-content\/uploads\/2018\/06\/r2_c4.gif","width":193,"height":70,"caption":"Salvatore Lumia Autolinee"},"image":{"@id":"https:\/\/autolineelumia.com\/#\/schema\/logo\/image\/"}}]}},"_links":{"self":[{"href":"https:\/\/autolineelumia.com\/index.php\/wp-json\/wp\/v2\/pages\/559","targetHints":{"allow":["GET"]}}],"collection":[{"href":"https:\/\/autolineelumia.com\/index.php\/wp-json\/wp\/v2\/pages"}],"about":[{"href":"https:\/\/autolineelumia.com\/index.php\/wp-json\/wp\/v2\/types\/page"}],"author":[{"embeddable":true,"href":"https:\/\/autolineelumia.com\/index.php\/wp-json\/wp\/v2\/users\/1"}],"replies":[{"embeddable":true,"href":"https:\/\/autolineelumia.com\/index.php\/wp-json\/wp\/v2\/comments?post=559"}],"version-history":[{"count":1,"href":"https:\/\/autolineelumia.com\/index.php\/wp-json\/wp\/v2\/pages\/559\/revisions"}],"predecessor-version":[{"id":560,"href":"https:\/\/autolineelumia.com\/index.php\/wp-json\/wp\/v2\/pages\/559\/revisions\/560"}],"wp:attachment":[{"href":"https:\/\/autolineelumia.com\/index.php\/wp-json\/wp\/v2\/media?parent=559"}],"curies":[{"name":"wp","href":"https:\/\/api.w.org\/{rel}","templated":true}]}}