
{"id":476,"date":"2020-09-22T12:56:57","date_gmt":"2020-09-22T10:56:57","guid":{"rendered":"http:\/\/autolineelumia.com\/?page_id=476"},"modified":"2020-09-22T15:51:34","modified_gmt":"2020-09-22T13:51:34","slug":"carta-dei-servizi-4","status":"publish","type":"page","link":"https:\/\/autolineelumia.com\/index.php\/fr\/carta-dei-servizi-4\/","title":{"rendered":"Charte de service"},"content":{"rendered":"\n<p class=\"has-text-align-left has-medium-font-size\">NOTRE CHARTE DE SERVICE<br><br>ASPECTS G\u00c9N\u00c9RAUX<br><br><br><br><br>PR\u00c9MISSE<br>Ceci, en application de l&#8217;art. 2, ch. 2, de la loi no. 273\/95, a \u00e9t\u00e9 adopt\u00e9e \u00e0 partir du 1.9.99 sur la base des principes de la Directive de la Pr\u00e9sidence du Conseil des Ministres du 27 janvier 1994 et du r\u00e9f\u00e9rentiel g\u00e9n\u00e9ral valable pour le secteur des transports annex\u00e9 au D\u00e9cret pr\u00e9sidentiel du Conseil des ministres du 30 d\u00e9cembre 1998.<br><br>La Charte de la mobilit\u00e9, d\u00e9pos\u00e9e aupr\u00e8s du Comit\u00e9 permanent de mise en \u0153uvre de la Charte des services publics, vise \u00e0 am\u00e9liorer la relation entre Salvatore Lumia S.r.l. et les citoyens, en tant qu&#8217;utilisateurs des services propos\u00e9s par l&#8217;entreprise. Par cons\u00e9quent, il vise \u00e0:<br>&#8211; am\u00e9liorer la qualit\u00e9 des services fournis;<br>&#8211; am\u00e9liorer la relation avec les utilisateurs du service.<br><br>L&#8217;entreprise, apr\u00e8s avoir fix\u00e9 les objectifs qualit\u00e9 pour l&#8217;ann\u00e9e en cours, les surveille p\u00e9riodiquement.<br>Les r\u00e9sultats obtenus sont publi\u00e9s annuellement dans un rapport de synth\u00e8se.<br><br><br><br><br>INFORMATIONS SUR LE SYST\u00c8ME DE QUALIT\u00c9 DE L&#8217;ENTREPRISE<br>Entreprise certifi\u00e9e UNI EN ISO 9001: 2015<br><br><br><br><br>PRINCIPES FONDAMENTAUX<br>L&#8217;entreprise s&#8217;engage \u00e0 fournir ses services de transports publics dans le respect des principes d&#8217;\u00e9galit\u00e9 et d&#8217;impartialit\u00e9, \u00e0 l&#8217;exclusion de toute forme de discrimination.<br><br>Les principes informatifs des activit\u00e9s de la soci\u00e9t\u00e9 sont l&#8217;\u00e9quit\u00e9 et l&#8217;objectivit\u00e9;<br>le principe de l&#8217;\u00e9galit\u00e9 de traitement est compatible avec des formes de tarifs diff\u00e9renci\u00e9s (ordinaires et d&#8217;abonnement) qui sont r\u00e9alisables sur la base de crit\u00e8res objectifs et connus; l&#8217;am\u00e9lioration de l&#8217;accessibilit\u00e9 pour certains groupes de clients (personnes \u00e2g\u00e9es ou handicap\u00e9es) est poursuivie par l&#8217;adoption progressive d&#8217;initiatives cibl\u00e9es, en rapport avec la capacit\u00e9 \u00e9conomique de l&#8217;entreprise.<br><br>La prestation du service est continue, r\u00e9guli\u00e8re et sans interruption, selon les horaires; ce principe peut \u00eatre conditionn\u00e9 par l&#8217;intervention de cas fortuits ou de force majeure, compte tenu notamment du fait que l&#8217;exercice est soumis \u00e0 des contraintes ext\u00e9rieures, souvent impr\u00e9visibles; en particulier, en cas de gr\u00e8ve, les informations sur les services minimums garantis seront diffus\u00e9es dans les meilleurs d\u00e9lais, en principe co\u00efncidant avec les heures: 6: 00-9: 00 13: 30-16: 30.<br><br>Cette r\u00e9alisation est objectivement conditionn\u00e9e par le comportement des tiers vis-\u00e0-vis de la Soci\u00e9t\u00e9; de plus, en cas de besoin ou d&#8217;interruptions pr\u00e9vues, il sera possible de recourir \u00e0 des services de remplacement moyennant un pr\u00e9avis.<br><br><br><br><br>SURVEILLANCE<br>La Soci\u00e9t\u00e9 fournit un syst\u00e8me de suivi de la qualit\u00e9 des services con\u00e7u pour prendre en compte:<br>&#8211; les normes relatives aux indicateurs de qualit\u00e9 de l&#8217;entreprise;<br>&#8211; le niveau de perception globale des facteurs de qualit\u00e9;<br>&#8211; l&#8217;\u00e9volution du ph\u00e9nom\u00e8ne de plainte;<br>&#8211; le degr\u00e9 d&#8217;atteinte des objectifs fix\u00e9s par la Soci\u00e9t\u00e9.<br><br>Les r\u00e9sultats atteints, au regard des objectifs, sont publi\u00e9s annuellement afin de permettre \u00e0 des tiers de v\u00e9rifier le niveau de qualit\u00e9 du service atteint par rapport \u00e0 ce qui est indiqu\u00e9 dans la Charte.<br>En particulier, au plus tard le 30 avril de chaque ann\u00e9e, la Soci\u00e9t\u00e9 pr\u00e9pare un rapport de synth\u00e8se sur les r\u00e9sultats obtenus l&#8217;ann\u00e9e pr\u00e9c\u00e9dente.<br><br><br><br><br>PARTICIPATION<br>La Soci\u00e9t\u00e9 permet aux utilisateurs de participer \u00e0 des moments d&#8217;analyse constructive sur les principaux probl\u00e8mes des services produits, en privil\u00e9giant la m\u00e9thode de comparaison entre organismes de repr\u00e9sentation organis\u00e9s (Associations professionnelles, Associations de consommateurs).<br><br><br><br><br>EFFICACIT\u00c9 ET EFFECTIVIT\u00c9<br>La Soci\u00e9t\u00e9, dans le cadre de ses comp\u00e9tences, choisit un processus de prestation de services visant \u00e0 am\u00e9liorer l&#8217;efficience et l&#8217;efficacit\u00e9 et adopte \u00e0 cette fin le syst\u00e8me de cartes modales (indicateurs de qualit\u00e9 de l&#8217;entreprise), selon la m\u00e9thodologie pr\u00e9vue dans Pr\u00e9misse.<br><br><br><br><br>PROC\u00c9DURE DE PLAINTE<br>La r\u00e9clamation est une action de l&#8217;utilisateur port\u00e9 \u00e0 la connaissance de la Soci\u00e9t\u00e9 pour communiquer une incoh\u00e9rence avec ses attentes sur une ou plusieurs exigences d\u00e9finies par la Charte Mobilit\u00e9.<br>La suggestion est une action de l&#8217;utilisateur pr\u00e9sent\u00e9e \u00e0 la Soci\u00e9t\u00e9 pour communiquer des informations utiles pour la fourniture d&#8217;un service de transport plus proche des attentes de l&#8217;utilisateur.<br><br>La plainte est pr\u00e9sent\u00e9e dans les types suivants:<br>a) plainte pour insatisfaction;<br>b) r\u00e9clamation pour non-conformit\u00e9 par la Soci\u00e9t\u00e9;<br><br>\u00c0 cette fin, la structure d&#8217;entreprise comp\u00e9tente est communiqu\u00e9e:<br>Agrigente via Pindaro, 3 \/ c t\u00e9l. 092220414 M. Safina;<br>Agence Sciacca t\u00e9l. 092521135 M. Santi Sabella.<br><br>Les r\u00e9clamations peuvent \u00eatre d\u00e9pos\u00e9es soit directement, c&#8217;est-\u00e0-dire par t\u00e9l\u00e9phone, soit indirectement, c&#8217;est-\u00e0-dire par \u00e9crit (par courrier traditionnel ou par transmission \u00e9lectronique \u00e0 l&#8217;adresse internet autolinee@autolineelumia.it).<br><br>Le personnel en contact avec les utilisateurs (\u00e0 la fois directement et par t\u00e9l\u00e9phone) est en mesure de leur fournir des informations sur la mani\u00e8re de d\u00e9poser une plainte.<br>La Soci\u00e9t\u00e9 a pr\u00e9par\u00e9 des formulaires sp\u00e9ciaux pr\u00e9-imprim\u00e9s pour la r\u00e9alisation de la r\u00e9clamation, caract\u00e9ris\u00e9s par une compr\u00e9hension et une compilation faciles, disponibles dans les bus et dans les points de vente de billets.<br><br>La Soci\u00e9t\u00e9 s&#8217;engage \u00e0 r\u00e9pondre \u00e0 l&#8217;utilisateur dans un d\u00e9lai de 10 jours. \u00e0 compter de la date de r\u00e9ception, en faisant rapport \u00e0 la structure ou au responsable du dossier, et \u00e0 donner une r\u00e9ponse sur le fond dans un d\u00e9lai de 30 jours. \u00e0 partir de la m\u00eame date.<br><br><br><br><br>PROC\u00c9DURE D&#8217;INDEMNIT\u00c9 POUR LES DOMMAGES \u00c0 DES PERSONNES OU \u00c0 DES BIENS (Couverture d&#8217;assurance)<br>La Soci\u00e9t\u00e9 informe les utilisateurs que les personnes susmentionn\u00e9es sont mandat\u00e9es pour fournir des informations sur les demandes d&#8217;indemnisation pour dommages aux personnes et aux biens. Nous vous rappelons que les bagages utilis\u00e9s pour le transport des bagages d&#8217;accompagnement sont sans surveillance.<br><br><br><br><br>DROITS ET DEVOIRS DU VOYAGEUR<br><br>DROITS<br><br>L&#8217;utilisateur b\u00e9n\u00e9ficie des droits suivants:<br>la s\u00e9curit\u00e9 et la tranquillit\u00e9 des voyages (sauf circonstances impr\u00e9visibles, force majeure, effectu\u00e9es par des tiers);<br>continuit\u00e9 et certitude du service (sauf circonstances impr\u00e9visibles, force majeure, effectu\u00e9es par des tiers), \u00e9galement par une int\u00e9gration rationnelle entre les diff\u00e9rents modes de transport;<br>publication en temps opportun et disponibilit\u00e9 facile des horaires;<br>acc\u00e8s facile aux informations sur les modalit\u00e9s de voyage et les tarifs;<br>respect des horaires pr\u00e9vus (sauf cas impr\u00e9visible, force majeure, fait par des tiers);<br>hygi\u00e8ne et nettoyage des v\u00e9hicules;<br>efficacit\u00e9 des \u00e9quipements et infrastructures de soutien;<br>limitation des temps d&#8217;attente aux guichets;<br>un acc\u00e8s facile \u00e0 la proc\u00e9dure de r\u00e9clamation et une r\u00e9ponse rapide \u00e0 celle-ci;<br>identifiabilit\u00e9 du personnel en contact direct avec le public gr\u00e2ce \u00e0 une \u00e9tiquette d&#8217;identification.<br><br>FONCTIONS<br><br>L&#8217;utilisateur du service est tenu de respecter les obligations suivantes:<br>obtenir un document de voyage valide;<br>occuper un seul si\u00e8ge;<br>ne pas fumer dans le bus (article 7, loi 584\/75);<br>ne vous penchez pas par les fen\u00eatres et ne jetez pas d&#8217;objets \u00e0 partir d&#8217;elles;<br>ne transportez pas de bouteilles de gaz comprim\u00e9, dissous ou liqu\u00e9fi\u00e9, de mati\u00e8res inflammables, explosives, radioactives, nocives, corrosives ou malodorantes dans les bus;<br>indemniser les dommages caus\u00e9s aux autres passagers ou au v\u00e9hicule par des animaux poss\u00e9d\u00e9s;<br>ne pas d\u00e9ranger le conducteur pendant la conduite, afin de ne pas cr\u00e9er d&#8217;obstacle ou d&#8217;entrave \u00e0 l&#8217;exercice de ses fonctions;<br>monter ou descendre du bus uniquement lorsqu&#8217;il est compl\u00e8tement arr\u00eat\u00e9 et en place avec un panneau d&#8217;arr\u00eat;<br>respecter les autres voyageurs en \u00e9vitant les bruits g\u00eanants avec des bruits, des chants ou des sons, ainsi que monter dans le bus dans un \u00e9tat d&#8217;ivresse manifeste ou dans des conditions physiques ou psychophysiques de nature \u00e0 nuire \u00e0 la r\u00e9gularit\u00e9 du service et \/ ou \u00e0 nuire \u00e0 soi-m\u00eame ou aux autres. En cas de perturbation manifeste de la r\u00e9gularit\u00e9 du service et des autres voyageurs, le personnel de service est autoris\u00e9 \u00e0 laisser les g\u00e9rants descendre du bus sans pouvoir r\u00e9clamer quoi que ce soit \u00e0 titre de remboursement de l&#8217;itin\u00e9raire restant \u00e0 parcourir et, le cas \u00e9ch\u00e9ant, demandant \u00e9galement l&#8217;intervention de la force publique;<br>actionner les commandes d&#8217;ouverture d&#8217;urgence des portes uniquement en cas de danger grave et imminent;<br>de ne pas mener d&#8217;activit\u00e9s publicitaires, commerciales, de collecte de fonds, y compris \u00e0 des fins caritatives, ou de distribuer des d\u00e9pliants dans le bus, sans avoir obtenu l&#8217;autorisation r\u00e9guli\u00e8re du gestionnaire de services de Salvatore Lumia S.r.l.;<br>respecter les dispositions en vigueur pour l&#8217;acc\u00e8s aux installations de l&#8217;entreprise;<br>ne pas causer de dommages de quelque nature que ce soit aux v\u00e9hicules ou aux locaux de l&#8217;entreprise;<br>utiliser ponctuellement les infrastructures de transport en suivant les r\u00e8gles \u00e9tablies, ainsi que celles de la vie civile, sans compromettre en aucune mani\u00e8re la s\u00e9curit\u00e9 du voyage et les niveaux de service pour lui-m\u00eame et pour tous les autres voyageurs;<br>pr\u00e9senter, \u00e0 la demande du personnel de contr\u00f4le, un document certifiant ses donn\u00e9es personnelles, rappelant que ledit personnel d\u00e9tient le statut d&#8217;agent public.<br><br>En cas de non-respect des r\u00e8gles, les voyageurs sont passibles de sanctions financi\u00e8res et d&#8217;amendes, en plus du remboursement des dommages caus\u00e9s par eux \u00e0 la fois aux autres voyageurs et \u00e0 Salvatore Lumia S.r.l. conform\u00e9ment et aux fins des dispositions du d\u00e9cret pr\u00e9sidentiel 753\/80.<br><br>Le personnel en pr\u00e9sence de non-conformit\u00e9, de dommages et de responsabilit\u00e9 de toute nature, survenant \u00e0 bord, peut demander des pr\u00e9cisions et la production d&#8217;une pi\u00e8ce d&#8217;identit\u00e9.<\/p>\n\n\n\n<p class=\"has-medium-font-size\">R\u00e9ponses au questionnaire Qualit\u00e9 2019<br>Degr\u00e9 de satisfaction:<br>1\u00e8re question (s\u00e9curit\u00e9 de voyage) 99%<br>2e question (surveillance du vol \/ harc\u00e8lement) 98%<br>3e question (ponctualit\u00e9 et r\u00e9gularit\u00e9) 98%<br>4e question (nettoyage des bus) 94%<br>5\u00e8me question (confort de voyage) 98%<br>6\u00e8me question (information) 99%<br>7e question (pr\u00e9sentabilit\u00e9 du pilote) 99%<br>8e question (comportement du conducteur) 98%<br>9\u00e8me demande (int\u00e9gration modale) 98%<\/p>\n","protected":false},"excerpt":{"rendered":"<div class=\"slide-text-bg2\"><span>NOTRE CHARTE DE SERVICE ASPECTS G\u00c9N\u00c9RAUX PR\u00c9MISSECeci, en application de l&#8217;art. 2, ch. 2, de la loi no. 273\/95, a \u00e9t\u00e9 adopt\u00e9e \u00e0 partir du 1.9.<\/span><\/div>\n<div class=\"slide-btn-area-sm\"><a href=\"https:\/\/autolineelumia.com\/index.php\/fr\/carta-dei-servizi-4\/\" class=\"slide-btn-sm\">Leggi tutto<\/a><\/div>\n","protected":false},"author":1,"featured_media":0,"parent":0,"menu_order":0,"comment_status":"closed","ping_status":"closed","template":"","meta":{"footnotes":""},"class_list":["post-476","page","type-page","status-publish","hentry"],"yoast_head":"<!-- This site is optimized with the Yoast SEO plugin v26.9 - https:\/\/yoast.com\/product\/yoast-seo-wordpress\/ -->\n<title>Charte de service &#8212; Autolinee Salvatore Lumia<\/title>\n<meta name=\"robots\" content=\"index, follow, max-snippet:-1, max-image-preview:large, max-video-preview:-1\" \/>\n<link rel=\"canonical\" href=\"https:\/\/autolineelumia.com\/index.php\/fr\/carta-dei-servizi-4\/\" \/>\n<meta property=\"og:locale\" content=\"it_IT\" \/>\n<meta property=\"og:type\" content=\"article\" \/>\n<meta property=\"og:title\" content=\"Charte de service &#8212; Autolinee Salvatore Lumia\" \/>\n<meta property=\"og:description\" content=\"NOTRE CHARTE DE SERVICE ASPECTS G\u00c9N\u00c9RAUX PR\u00c9MISSECeci, en application de l&#8217;art. 2, ch. 2, de la loi no. 273\/95, a \u00e9t\u00e9 adopt\u00e9e \u00e0 partir du 1.9.Leggi tutto\" \/>\n<meta property=\"og:url\" content=\"https:\/\/autolineelumia.com\/index.php\/fr\/carta-dei-servizi-4\/\" \/>\n<meta property=\"og:site_name\" content=\"Autolinee Salvatore Lumia\" \/>\n<meta property=\"article:modified_time\" content=\"2020-09-22T13:51:34+00:00\" \/>\n<meta name=\"twitter:card\" content=\"summary_large_image\" \/>\n<meta name=\"twitter:label1\" content=\"Tempo di lettura stimato\" \/>\n\t<meta name=\"twitter:data1\" content=\"8 minuti\" \/>\n<script type=\"application\/ld+json\" class=\"yoast-schema-graph\">{\"@context\":\"https:\/\/schema.org\",\"@graph\":[{\"@type\":\"WebPage\",\"@id\":\"https:\/\/autolineelumia.com\/index.php\/fr\/carta-dei-servizi-4\/\",\"url\":\"https:\/\/autolineelumia.com\/index.php\/fr\/carta-dei-servizi-4\/\",\"name\":\"Charte de service &#8212; Autolinee Salvatore Lumia\",\"isPartOf\":{\"@id\":\"https:\/\/autolineelumia.com\/#website\"},\"datePublished\":\"2020-09-22T10:56:57+00:00\",\"dateModified\":\"2020-09-22T13:51:34+00:00\",\"breadcrumb\":{\"@id\":\"https:\/\/autolineelumia.com\/index.php\/fr\/carta-dei-servizi-4\/#breadcrumb\"},\"inLanguage\":\"it-IT\",\"potentialAction\":[{\"@type\":\"ReadAction\",\"target\":[\"https:\/\/autolineelumia.com\/index.php\/fr\/carta-dei-servizi-4\/\"]}]},{\"@type\":\"BreadcrumbList\",\"@id\":\"https:\/\/autolineelumia.com\/index.php\/fr\/carta-dei-servizi-4\/#breadcrumb\",\"itemListElement\":[{\"@type\":\"ListItem\",\"position\":1,\"name\":\"Home\",\"item\":\"https:\/\/autolineelumia.com\/\"},{\"@type\":\"ListItem\",\"position\":2,\"name\":\"Charte de service\"}]},{\"@type\":\"WebSite\",\"@id\":\"https:\/\/autolineelumia.com\/#website\",\"url\":\"https:\/\/autolineelumia.com\/\",\"name\":\"Autolinee Salvatore Lumia\",\"description\":\"\",\"publisher\":{\"@id\":\"https:\/\/autolineelumia.com\/#organization\"},\"potentialAction\":[{\"@type\":\"SearchAction\",\"target\":{\"@type\":\"EntryPoint\",\"urlTemplate\":\"https:\/\/autolineelumia.com\/?s={search_term_string}\"},\"query-input\":{\"@type\":\"PropertyValueSpecification\",\"valueRequired\":true,\"valueName\":\"search_term_string\"}}],\"inLanguage\":\"it-IT\"},{\"@type\":\"Organization\",\"@id\":\"https:\/\/autolineelumia.com\/#organization\",\"name\":\"Salvatore Lumia Autolinee\",\"url\":\"https:\/\/autolineelumia.com\/\",\"logo\":{\"@type\":\"ImageObject\",\"inLanguage\":\"it-IT\",\"@id\":\"https:\/\/autolineelumia.com\/#\/schema\/logo\/image\/\",\"url\":\"https:\/\/autolineelumia.com\/wp-content\/uploads\/2018\/06\/r2_c4.gif\",\"contentUrl\":\"https:\/\/autolineelumia.com\/wp-content\/uploads\/2018\/06\/r2_c4.gif\",\"width\":193,\"height\":70,\"caption\":\"Salvatore Lumia Autolinee\"},\"image\":{\"@id\":\"https:\/\/autolineelumia.com\/#\/schema\/logo\/image\/\"}}]}<\/script>\n<!-- \/ Yoast SEO plugin. -->","yoast_head_json":{"title":"Charte de service &#8212; Autolinee Salvatore Lumia","robots":{"index":"index","follow":"follow","max-snippet":"max-snippet:-1","max-image-preview":"max-image-preview:large","max-video-preview":"max-video-preview:-1"},"canonical":"https:\/\/autolineelumia.com\/index.php\/fr\/carta-dei-servizi-4\/","og_locale":"it_IT","og_type":"article","og_title":"Charte de service &#8212; Autolinee Salvatore Lumia","og_description":"NOTRE CHARTE DE SERVICE ASPECTS G\u00c9N\u00c9RAUX PR\u00c9MISSECeci, en application de l&#8217;art. 2, ch. 2, de la loi no. 273\/95, a \u00e9t\u00e9 adopt\u00e9e \u00e0 partir du 1.9.Leggi tutto","og_url":"https:\/\/autolineelumia.com\/index.php\/fr\/carta-dei-servizi-4\/","og_site_name":"Autolinee Salvatore Lumia","article_modified_time":"2020-09-22T13:51:34+00:00","twitter_card":"summary_large_image","twitter_misc":{"Tempo di lettura stimato":"8 minuti"},"schema":{"@context":"https:\/\/schema.org","@graph":[{"@type":"WebPage","@id":"https:\/\/autolineelumia.com\/index.php\/fr\/carta-dei-servizi-4\/","url":"https:\/\/autolineelumia.com\/index.php\/fr\/carta-dei-servizi-4\/","name":"Charte de service &#8212; Autolinee Salvatore Lumia","isPartOf":{"@id":"https:\/\/autolineelumia.com\/#website"},"datePublished":"2020-09-22T10:56:57+00:00","dateModified":"2020-09-22T13:51:34+00:00","breadcrumb":{"@id":"https:\/\/autolineelumia.com\/index.php\/fr\/carta-dei-servizi-4\/#breadcrumb"},"inLanguage":"it-IT","potentialAction":[{"@type":"ReadAction","target":["https:\/\/autolineelumia.com\/index.php\/fr\/carta-dei-servizi-4\/"]}]},{"@type":"BreadcrumbList","@id":"https:\/\/autolineelumia.com\/index.php\/fr\/carta-dei-servizi-4\/#breadcrumb","itemListElement":[{"@type":"ListItem","position":1,"name":"Home","item":"https:\/\/autolineelumia.com\/"},{"@type":"ListItem","position":2,"name":"Charte de service"}]},{"@type":"WebSite","@id":"https:\/\/autolineelumia.com\/#website","url":"https:\/\/autolineelumia.com\/","name":"Autolinee Salvatore Lumia","description":"","publisher":{"@id":"https:\/\/autolineelumia.com\/#organization"},"potentialAction":[{"@type":"SearchAction","target":{"@type":"EntryPoint","urlTemplate":"https:\/\/autolineelumia.com\/?s={search_term_string}"},"query-input":{"@type":"PropertyValueSpecification","valueRequired":true,"valueName":"search_term_string"}}],"inLanguage":"it-IT"},{"@type":"Organization","@id":"https:\/\/autolineelumia.com\/#organization","name":"Salvatore Lumia Autolinee","url":"https:\/\/autolineelumia.com\/","logo":{"@type":"ImageObject","inLanguage":"it-IT","@id":"https:\/\/autolineelumia.com\/#\/schema\/logo\/image\/","url":"https:\/\/autolineelumia.com\/wp-content\/uploads\/2018\/06\/r2_c4.gif","contentUrl":"https:\/\/autolineelumia.com\/wp-content\/uploads\/2018\/06\/r2_c4.gif","width":193,"height":70,"caption":"Salvatore Lumia Autolinee"},"image":{"@id":"https:\/\/autolineelumia.com\/#\/schema\/logo\/image\/"}}]}},"_links":{"self":[{"href":"https:\/\/autolineelumia.com\/index.php\/wp-json\/wp\/v2\/pages\/476","targetHints":{"allow":["GET"]}}],"collection":[{"href":"https:\/\/autolineelumia.com\/index.php\/wp-json\/wp\/v2\/pages"}],"about":[{"href":"https:\/\/autolineelumia.com\/index.php\/wp-json\/wp\/v2\/types\/page"}],"author":[{"embeddable":true,"href":"https:\/\/autolineelumia.com\/index.php\/wp-json\/wp\/v2\/users\/1"}],"replies":[{"embeddable":true,"href":"https:\/\/autolineelumia.com\/index.php\/wp-json\/wp\/v2\/comments?post=476"}],"version-history":[{"count":2,"href":"https:\/\/autolineelumia.com\/index.php\/wp-json\/wp\/v2\/pages\/476\/revisions"}],"predecessor-version":[{"id":526,"href":"https:\/\/autolineelumia.com\/index.php\/wp-json\/wp\/v2\/pages\/476\/revisions\/526"}],"wp:attachment":[{"href":"https:\/\/autolineelumia.com\/index.php\/wp-json\/wp\/v2\/media?parent=476"}],"curies":[{"name":"wp","href":"https:\/\/api.w.org\/{rel}","templated":true}]}}