
{"id":32,"date":"2018-06-28T12:24:38","date_gmt":"2018-06-28T10:24:38","guid":{"rendered":"http:\/\/autolineelumia.com\/?page_id=32"},"modified":"2022-06-24T10:30:02","modified_gmt":"2022-06-24T08:30:02","slug":"carta-dei-servizi","status":"publish","type":"page","link":"https:\/\/autolineelumia.com\/index.php\/carta-dei-servizi\/","title":{"rendered":"Carta dei Servizi"},"content":{"rendered":"<p style=\"text-align: center;\"><strong>LA NOSTRA CARTA DEI SERVIZI<\/strong><\/p>\n<p style=\"text-align: center;\"><strong>ASPETTI GENERALI<\/strong><\/p>\n<p>&nbsp;<\/p>\n<p><strong>PREMESSA<\/strong><br \/>\nLa presente, in attuazione dell\u2019art. 2, c. 2, della Legge n. 273\/95, \u00e8 stato adottata dal 1.9.99 sulla base dei principi della Direttiva della Presidenza del Consiglio dei Ministri 27 gennaio 1994 e dello schema generale di riferimento valido per il settore trasporti allegato al Decreto Presidente Consiglio dei Ministri 30 dicembre 1998.<\/p>\n<p>La Carta della mobilit\u00e0, depositata presso il Comitato permanente per l\u2019attuazione della Carta dei servizi pubblici, ha lo scopo di migliorare il rapporto tra le Autolinee Salvatore Lumia S.r.l. e i cittadini, in quanto utenti dei servizi offerti dalla societ\u00e0. Pertanto si prefigge di:<br \/>\n&#8211; migliorare la qualit\u00e0 dei servizi forniti;<br \/>\n&#8211; migliorare il rapporto con gli utenti dei servizi.<\/p>\n<p>L\u2019azienda, dopo avere fissato gli obiettivi qualitativi per il corrente anno, provvede ad un loro monitoraggio periodico.<br \/>\nI risultati conseguiti sono pubblicati annualmente attraverso una Relazione riassuntiva.<\/p>\n<p>&nbsp;<\/p>\n<p><strong>INFORMAZIONI SUL SISTEMA DI QUALITA&#8217; AZIENDALE<\/strong><br \/>\nAzienda certificata UNI EN ISO 9001:2015<\/p>\n<p>&nbsp;<\/p>\n<p><strong>PRINCIPI FONDAMENTALI<\/strong><br \/>\nL\u2019azienda s\u2019impegna ad erogare i propri servizi di trasporto pubblico nel rispetto dei principi di eguaglianza ed imparzialit\u00e0, escludendo ogni forma di discriminazione.<\/p>\n<p>I principi informativi delle attivit\u00e0 dell\u2019Azienda sono l\u2019equit\u00e0 e l\u2019obiettivit\u00e0;<br \/>\nil principio di pari trattamento \u00e8 compatibile con forme di tariffe differenziate (ordinarie e in abbonamento) che siano praticabili in base a criteri obiettivi e noti; il miglioramento dell\u2019accessibilit\u00e0 per talune fasce di clientela (anziani o portatori di handicap) viene perseguito attraverso la progressiva adozione di iniziative finalizzate, in rapporto alla capacit\u00e0 economica dell\u2019Azienda.<\/p>\n<p>L\u2019erogazione del servizio \u00e8 continua, regolare e senza interruzioni, secondo i programmi; questo principio pu\u00f2 essere condizionato dall\u2019intervento di casi fortuiti o di forza maggiore, tenuto conto, in particolare, che l\u2019esercizio \u00e8 soggetto a vincoli esterni, spesso imprevedibili; in particolare, in caso di sciopero, verranno divulgate con la migliore tempestivit\u00e0 notizie circa i servizi minimi garantiti, in linea di massima coincidenti con le fasce orarie: 6:00-9:00 13:30-16:30.<\/p>\n<p>Questo adempimento \u00e8 obiettivamente condizionato dai comportamenti di parti terze rispetto all\u2019Azienda; inoltre, in caso di necessit\u00e0 o di interruzioni programmate, si potr\u00e0 fare ricorso a servizi sostitutivi dandone tempestiva comunicazione.<\/p>\n<p>&nbsp;<\/p>\n<p><strong>MONITORAGGIO<\/strong><br \/>\nL\u2019Azienda prevede un sistema di monitoraggio della qualit\u00e0 dei servizi atto a considerare:<br \/>\n&#8211; gli standard relativi agli indicatori aziendali di qualit\u00e0;<br \/>\n&#8211; il livello di percezione complessiva dei fattori di qualit\u00e0;<br \/>\n&#8211; l\u2019andamento del fenomeno del reclamo;<br \/>\n&#8211; il grado di raggiungimento degli obiettivi fissati dall\u2019Azienda.<\/p>\n<p>I risultati conseguiti, rispetto agli obiettivi, sono pubblicati annualmente allo scopo di rendere possibile, da parte di terzi, la verifica del livello di qualit\u00e0 del servizio conseguito in rapporto a quanto indicato nella Carta.<br \/>\nIn particolare, entro il 30 aprile di ogni anno, l\u2019Azienda predispone una Relazione riassuntiva sui risultati ottenuti nell\u2019esercizio precedente.<\/p>\n<p>&nbsp;<\/p>\n<p><strong>PARTECIPAZIONE<\/strong><br \/>\nL\u2019Azienda rende possibile la partecipazione degli utenti a momenti di costruttiva analisi sulle principali problematiche dei servizi prodotti, privilegiando il metodo del confronto tra organismi di rappresentanza organizzata (Associazioni delle Aziende, Associazioni dei Consumatori).<\/p>\n<p>&nbsp;<\/p>\n<p><strong>EFFICENZA ED EFFICACIA<\/strong><br \/>\nL\u2019Azienda, nell\u2019ambito delle proprie competenze, sceglie un processo di erogazione dei servizi improntato al miglioramento dell\u2019efficienza e dell\u2019efficacia ed a tale fine adotta il sistema delle schede modali (indicatori aziendali di qualit\u00e0), secondo la metodologia anticipata in Premessa.<\/p>\n<p>&nbsp;<\/p>\n<p><strong>PROCEDURA DI RECLAMO<\/strong><br \/>\nIl reclamo \u00e8 un\u2019azione dell\u2019utente resa nota all\u2019Azienda per comunicare una non coerenza con le proprie aspettative di uno o pi\u00f9 requisiti definiti dalla Carta della mobilit\u00e0.<br \/>\nIl suggerimento \u00e8 un\u2019azione dell\u2019utente presentate all\u2019Azienda per comunicare indicazioni utili alla fornitura di un servizio di trasporti pi\u00f9 vicina alle aspettative dell\u2019utente stesso.<\/p>\n<p>Il reclamo si presenta nelle seguenti tipologie:<br \/>\na) reclamo per insoddisfazione;<br \/>\nb) reclamo per inadempimento dell\u2019Azienda;<\/p>\n<p>A tale fine viene comunicata la struttura aziendale competente:<br \/>\nAgrigento via Pindaro, 3\/c tel.092220414 Sig.Safina;<br \/>\nAgenzia di Sciacca tel. 092521135 Sig. Santi Sabella.<\/p>\n<p>I reclami possono essere avanzati sia in forma diretta, vale a dire tramite telefono, sia in forma indiretta, vale a dire per iscritto (tramite posta tradizionale o trasmissione elettronica all&#8217;indirizzo internet autolinee@autolineelumia.it).<\/p>\n<p>Il personale a contatto con gli utenti (sia direttamente sia per telefono) \u00e8 in grado di fornire loro informazioni circa le modalit\u00e0 di reclamo.<br \/>\nL\u2019Azienda ha predisposto appositi moduli prestampati atti alla realizzazione del reclamo, caratterizzati da facile comprensione e facile compilazione, a disposizione sugli autobus e presso i punti di venduta dei biglietti.Nello stesso modulo di cui sopra \u00e8 previsto uno spazio per i suggerimenti.<\/p>\n<p>L\u2019Azienda si impegna a dare riscontro all\u2019utente entro 10 gg. dalla data del ricevimento, segnalando la struttura o la persona incaricata della pratica, e a dare risposta nel merito entro 30 gg. dalla medesima data.<\/p>\n<p>&nbsp;<\/p>\n<p><strong>PROCEDURA DI RISARCIMENTO DEI DANNI ALLE PERSONE O ALLE COSE (Coperture assicurative)<\/strong><br \/>\nL\u2019Azienda porta a conoscenza degli utenti che le persone sopra indicate sono delegate a informazioni in merito alle richieste di risarcimento per danni alle persone e cose. Si ricorda che i bagagliai utilizzati per il trasporto del bagaglio al seguito sono incustoditi.<\/p>\n<p>&nbsp;<\/p>\n<p style=\"text-align: center;\"><strong>DIRITTI E DOVERI DEL VIAGGIATORE<\/strong><\/p>\n<p><strong>DIRITTI<\/strong><\/p>\n<ul>\n<li>All\u2019utente sono riconosciuti i seguenti diritti:\n<ul>\n<li>sicurezza e tranquillit\u00e0 del viaggio (salvo caso fortuito, forza maggiore, fatto di terzi);<\/li>\n<li>continuit\u00e0 e certezza del servizio (salvo caso fortuito, forza maggiore, fatto di terzi), anche mediante una razionale integrazione tra i diversi modi di trasporto;<\/li>\n<li>pubblicazione tempestiva e facile reperibilit\u00e0 degli orari;<\/li>\n<li>facile accessibilit\u00e0 alle informazioni sulle modalit\u00e0 del viaggio e sulle tariffe;<\/li>\n<li>rispetto degli orari programmati(salvo caso fortuito, forza maggiore, fatto di terzi);<\/li>\n<li>igiene e pulizia dei mezzi;<\/li>\n<li>efficienza delle apparecchiature di supporto e delle infrastrutture;<\/li>\n<li>contenimento dei tempi di attesa agli sportelli delle biglietterie;<\/li>\n<li>facile accessibilit\u00e0 alla procedura dei reclami e tempestiva risposta agli stessi;<\/li>\n<li>identificabilit\u00e0 del personale a diretto contatto col pubblico tramite cartellino di riconoscimento.<\/li>\n<\/ul>\n<\/li>\n<\/ul>\n<p><strong>DOVERI<\/strong><\/p>\n<ul>\n<li>L\u2019utente del servizio \u00e8 tenuto a rispettare i seguenti doveri:\n<ul>\n<li>munirsi del titolo di viaggio valido;<\/li>\n<li>occupare un solo posto a sedere;<br \/>\nnon fumare sull\u2019autobus (art. 7, legge 584\/75);<\/li>\n<li>non sporgersi dai finestrini o gettare oggetti dai medesimi;<br \/>\nnon portare sugli autobus bombole di gas compressi, disciolti o liquefatti, materie infiammabili, esplosive, radioattive, nocive, corrosive o puzzolenti;<\/li>\n<li>risarcire eventuali danni provocati agli altri passeggeri o al veicolo dagli animali di propriet\u00e0;<\/li>\n<li>non disturbare il conducente durante la guida, in modo da non creare ostacolo od impedimento all\u2019esercizio delle sue funzioni;<\/li>\n<li>salire o scendere dall\u2019autobus solo quando \u00e8 completamente fermo e in luogo con segnale di fermata;<\/li>\n<li>rispettare gli altri viaggiatori evitando di arrecare disturbo con schiamazzi, canti o suoni, nonch\u00e9 salire sull\u2019autobus in stato di manifesta ubriachezza od in condizioni fisiche o psicofisiche tali da arrecare pregiudizio alla regolarit\u00e0 del servizio e\/o danno a s\u00e9 o ad altri. Nei casi di manifesta situazione di disturbo alla regolarit\u00e0 del servizio ed agli altri viaggiatori, il personale in servizio \u00e8 autorizzato a fare scendere dall\u2019autobus i responsabili senza che nulla possano pretendere a titolo di rimborso per il percorso ancora da effettuare e, se necessario, anche richiedendo l\u2019intervento della forza pubblica;<\/li>\n<li>azionare i comandi per l\u2019apertura di emergenza delle porte solo in caso di grave ed incombente pericolo;<\/li>\n<li>non esercitare sull\u2019autobus attivit\u00e0 pubblicitarie, commerciali, di raccolta di denaro anche per fini benefici, distribuire volantini, senza averne ottenuta regolare autorizzazione dal responsabile del servizio della Salvatore Lumia S.r.l.;<\/li>\n<li>rispettare le disposizioni in vigore per l\u2019accesso alle strutture aziendali;<\/li>\n<li>non arrecare danni di qualsiasi tipo o natura ai veicoli o locali aziendali;<\/li>\n<li>utilizzare le infrastrutture di trasporto seguendo puntualmente le regole prefissate, insieme a quelle del vivere civile, non compromettendo in alcun modo la sicurezza del viaggio ed i livelli del servizio per se stesso e per tutti gli altri viaggiatori;<\/li>\n<li>esibire, a richiesta del personale addetto al controllo, un documento attestante le proprie generalit\u00e0, ricordando che detto personale riveste la qualifica di pubblico ufficiale.<\/li>\n<\/ul>\n<\/li>\n<\/ul>\n<p>Per l\u2019inosservanza delle norme, i viaggiatori sono passibili di sanzioni pecuniarie e di eventuali ammende, oltre alla rifusione dei danni da essi arrecati sia agli altri viaggiatori che alla Salvatore Lumia S.r.l. ai sensi e per gli effetti di quanto disposto dal DPR 753\/80.<\/p>\n<p>Il personale in presenza di inadempienze, danni e responsabilit\u00e0 di ogni tipo, che si verificano a bordo, pu\u00f2 chiedere le generalit\u00e0 e l\u2019esibizione di un documento di identit\u00e0.<\/p>\n<p>Risposte al questionario sulla Qualit\u00e0 anno 2019<br \/>\nGrado di soddisfazione:<br \/>\n1\u00b0 Domanda (la sicurezza del viaggio) 99%<br \/>\n2\u00b0 Domanda (vigilanza su furti\/molestie) 98%<br \/>\n3\u00b0 Domanda (puntualit\u00e0 e regolarit\u00e0) 98%<br \/>\n4\u00b0 Domanda (pulizia autobus) 94%<br \/>\n5\u00b0 Domanda (confort viaggio) 98%<br \/>\n6\u00b0 Domanda (informazione) 99%<br \/>\n7\u00b0 Domanda (presentabilit\u00e0 autista) 99%<br \/>\n8\u00b0 Domanda (comportamento autista) 98%<br \/>\n9\u00b0 Domanda (integrazione modale) 98%<\/p>\n<p>&nbsp;<\/p>\n<p>Risposte al questionario sulla Qualit\u00e0 anno 2021<br \/>\nGrado di soddisfazione:<br \/>\n1\u00b0 Domanda (la sicurezza del viaggio) 99%<br \/>\n2\u00b0 Domanda (vigilanza su furti\/molestie) 98%<br \/>\n3\u00b0 Domanda (puntualit\u00e0 e regolarit\u00e0) 99%<br \/>\n4\u00b0 Domanda (pulizia autobus) 98%<br \/>\n5\u00b0 Domanda (confort viaggio) 100%<br \/>\n6\u00b0 Domanda (informazione) 97%<br \/>\n7\u00b0 Domanda (presentabilit\u00e0 autista) 100%<br \/>\n8\u00b0 Domanda (comportamento autista) 98%<br \/>\n9\u00b0 Domanda (integrazione modale) 98%<\/p>\n","protected":false},"excerpt":{"rendered":"<div class=\"slide-text-bg2\"><span>LA NOSTRA CARTA DEI SERVIZI ASPETTI GENERALI &nbsp; PREMESSA La presente, in attuazione dell\u2019art. 2, c. 2, della Legge n. 273\/95, \u00e8 stato adottata dal 1<\/span><\/div>\n<div class=\"slide-btn-area-sm\"><a href=\"https:\/\/autolineelumia.com\/index.php\/carta-dei-servizi\/\" class=\"slide-btn-sm\">Leggi tutto<\/a><\/div>\n","protected":false},"author":1,"featured_media":0,"parent":0,"menu_order":0,"comment_status":"closed","ping_status":"closed","template":"","meta":{"footnotes":""},"class_list":["post-32","page","type-page","status-publish","hentry"],"yoast_head":"<!-- This site is optimized with the Yoast SEO plugin v26.9 - https:\/\/yoast.com\/product\/yoast-seo-wordpress\/ -->\n<title>Carta dei Servizi &#8212; Autolinee Salvatore Lumia<\/title>\n<meta name=\"robots\" content=\"index, follow, max-snippet:-1, max-image-preview:large, max-video-preview:-1\" \/>\n<link rel=\"canonical\" href=\"https:\/\/autolineelumia.com\/index.php\/carta-dei-servizi\/\" \/>\n<meta property=\"og:locale\" content=\"it_IT\" \/>\n<meta property=\"og:type\" content=\"article\" \/>\n<meta property=\"og:title\" content=\"Carta dei Servizi &#8212; Autolinee Salvatore Lumia\" \/>\n<meta property=\"og:description\" content=\"LA NOSTRA CARTA DEI SERVIZI ASPETTI GENERALI &nbsp; PREMESSA La presente, in attuazione dell\u2019art. 2, c. 2, della Legge n. 273\/95, \u00e8 stato adottata dal 1Leggi tutto\" \/>\n<meta property=\"og:url\" content=\"https:\/\/autolineelumia.com\/index.php\/carta-dei-servizi\/\" \/>\n<meta property=\"og:site_name\" content=\"Autolinee Salvatore Lumia\" \/>\n<meta property=\"article:modified_time\" content=\"2022-06-24T08:30:02+00:00\" \/>\n<meta name=\"twitter:card\" content=\"summary_large_image\" \/>\n<meta name=\"twitter:label1\" content=\"Tempo di lettura stimato\" \/>\n\t<meta name=\"twitter:data1\" content=\"7 minuti\" \/>\n<script type=\"application\/ld+json\" class=\"yoast-schema-graph\">{\"@context\":\"https:\/\/schema.org\",\"@graph\":[{\"@type\":\"WebPage\",\"@id\":\"https:\/\/autolineelumia.com\/index.php\/carta-dei-servizi\/\",\"url\":\"https:\/\/autolineelumia.com\/index.php\/carta-dei-servizi\/\",\"name\":\"Carta dei Servizi &#8212; Autolinee Salvatore Lumia\",\"isPartOf\":{\"@id\":\"https:\/\/autolineelumia.com\/#website\"},\"datePublished\":\"2018-06-28T10:24:38+00:00\",\"dateModified\":\"2022-06-24T08:30:02+00:00\",\"breadcrumb\":{\"@id\":\"https:\/\/autolineelumia.com\/index.php\/carta-dei-servizi\/#breadcrumb\"},\"inLanguage\":\"it-IT\",\"potentialAction\":[{\"@type\":\"ReadAction\",\"target\":[\"https:\/\/autolineelumia.com\/index.php\/carta-dei-servizi\/\"]}]},{\"@type\":\"BreadcrumbList\",\"@id\":\"https:\/\/autolineelumia.com\/index.php\/carta-dei-servizi\/#breadcrumb\",\"itemListElement\":[{\"@type\":\"ListItem\",\"position\":1,\"name\":\"Home\",\"item\":\"https:\/\/autolineelumia.com\/\"},{\"@type\":\"ListItem\",\"position\":2,\"name\":\"Carta dei Servizi\"}]},{\"@type\":\"WebSite\",\"@id\":\"https:\/\/autolineelumia.com\/#website\",\"url\":\"https:\/\/autolineelumia.com\/\",\"name\":\"Autolinee Salvatore Lumia\",\"description\":\"\",\"publisher\":{\"@id\":\"https:\/\/autolineelumia.com\/#organization\"},\"potentialAction\":[{\"@type\":\"SearchAction\",\"target\":{\"@type\":\"EntryPoint\",\"urlTemplate\":\"https:\/\/autolineelumia.com\/?s={search_term_string}\"},\"query-input\":{\"@type\":\"PropertyValueSpecification\",\"valueRequired\":true,\"valueName\":\"search_term_string\"}}],\"inLanguage\":\"it-IT\"},{\"@type\":\"Organization\",\"@id\":\"https:\/\/autolineelumia.com\/#organization\",\"name\":\"Salvatore Lumia Autolinee\",\"url\":\"https:\/\/autolineelumia.com\/\",\"logo\":{\"@type\":\"ImageObject\",\"inLanguage\":\"it-IT\",\"@id\":\"https:\/\/autolineelumia.com\/#\/schema\/logo\/image\/\",\"url\":\"https:\/\/autolineelumia.com\/wp-content\/uploads\/2018\/06\/r2_c4.gif\",\"contentUrl\":\"https:\/\/autolineelumia.com\/wp-content\/uploads\/2018\/06\/r2_c4.gif\",\"width\":193,\"height\":70,\"caption\":\"Salvatore Lumia Autolinee\"},\"image\":{\"@id\":\"https:\/\/autolineelumia.com\/#\/schema\/logo\/image\/\"}}]}<\/script>\n<!-- \/ Yoast SEO plugin. -->","yoast_head_json":{"title":"Carta dei Servizi &#8212; Autolinee Salvatore Lumia","robots":{"index":"index","follow":"follow","max-snippet":"max-snippet:-1","max-image-preview":"max-image-preview:large","max-video-preview":"max-video-preview:-1"},"canonical":"https:\/\/autolineelumia.com\/index.php\/carta-dei-servizi\/","og_locale":"it_IT","og_type":"article","og_title":"Carta dei Servizi &#8212; Autolinee Salvatore Lumia","og_description":"LA NOSTRA CARTA DEI SERVIZI ASPETTI GENERALI &nbsp; PREMESSA La presente, in attuazione dell\u2019art. 2, c. 2, della Legge n. 273\/95, \u00e8 stato adottata dal 1Leggi tutto","og_url":"https:\/\/autolineelumia.com\/index.php\/carta-dei-servizi\/","og_site_name":"Autolinee Salvatore Lumia","article_modified_time":"2022-06-24T08:30:02+00:00","twitter_card":"summary_large_image","twitter_misc":{"Tempo di lettura stimato":"7 minuti"},"schema":{"@context":"https:\/\/schema.org","@graph":[{"@type":"WebPage","@id":"https:\/\/autolineelumia.com\/index.php\/carta-dei-servizi\/","url":"https:\/\/autolineelumia.com\/index.php\/carta-dei-servizi\/","name":"Carta dei Servizi &#8212; Autolinee Salvatore Lumia","isPartOf":{"@id":"https:\/\/autolineelumia.com\/#website"},"datePublished":"2018-06-28T10:24:38+00:00","dateModified":"2022-06-24T08:30:02+00:00","breadcrumb":{"@id":"https:\/\/autolineelumia.com\/index.php\/carta-dei-servizi\/#breadcrumb"},"inLanguage":"it-IT","potentialAction":[{"@type":"ReadAction","target":["https:\/\/autolineelumia.com\/index.php\/carta-dei-servizi\/"]}]},{"@type":"BreadcrumbList","@id":"https:\/\/autolineelumia.com\/index.php\/carta-dei-servizi\/#breadcrumb","itemListElement":[{"@type":"ListItem","position":1,"name":"Home","item":"https:\/\/autolineelumia.com\/"},{"@type":"ListItem","position":2,"name":"Carta dei Servizi"}]},{"@type":"WebSite","@id":"https:\/\/autolineelumia.com\/#website","url":"https:\/\/autolineelumia.com\/","name":"Autolinee Salvatore Lumia","description":"","publisher":{"@id":"https:\/\/autolineelumia.com\/#organization"},"potentialAction":[{"@type":"SearchAction","target":{"@type":"EntryPoint","urlTemplate":"https:\/\/autolineelumia.com\/?s={search_term_string}"},"query-input":{"@type":"PropertyValueSpecification","valueRequired":true,"valueName":"search_term_string"}}],"inLanguage":"it-IT"},{"@type":"Organization","@id":"https:\/\/autolineelumia.com\/#organization","name":"Salvatore Lumia Autolinee","url":"https:\/\/autolineelumia.com\/","logo":{"@type":"ImageObject","inLanguage":"it-IT","@id":"https:\/\/autolineelumia.com\/#\/schema\/logo\/image\/","url":"https:\/\/autolineelumia.com\/wp-content\/uploads\/2018\/06\/r2_c4.gif","contentUrl":"https:\/\/autolineelumia.com\/wp-content\/uploads\/2018\/06\/r2_c4.gif","width":193,"height":70,"caption":"Salvatore Lumia Autolinee"},"image":{"@id":"https:\/\/autolineelumia.com\/#\/schema\/logo\/image\/"}}]}},"_links":{"self":[{"href":"https:\/\/autolineelumia.com\/index.php\/wp-json\/wp\/v2\/pages\/32","targetHints":{"allow":["GET"]}}],"collection":[{"href":"https:\/\/autolineelumia.com\/index.php\/wp-json\/wp\/v2\/pages"}],"about":[{"href":"https:\/\/autolineelumia.com\/index.php\/wp-json\/wp\/v2\/types\/page"}],"author":[{"embeddable":true,"href":"https:\/\/autolineelumia.com\/index.php\/wp-json\/wp\/v2\/users\/1"}],"replies":[{"embeddable":true,"href":"https:\/\/autolineelumia.com\/index.php\/wp-json\/wp\/v2\/comments?post=32"}],"version-history":[{"count":9,"href":"https:\/\/autolineelumia.com\/index.php\/wp-json\/wp\/v2\/pages\/32\/revisions"}],"predecessor-version":[{"id":1119,"href":"https:\/\/autolineelumia.com\/index.php\/wp-json\/wp\/v2\/pages\/32\/revisions\/1119"}],"wp:attachment":[{"href":"https:\/\/autolineelumia.com\/index.php\/wp-json\/wp\/v2\/media?parent=32"}],"curies":[{"name":"wp","href":"https:\/\/api.w.org\/{rel}","templated":true}]}}